9).
-52
Let u(p) = -p**3 + 8*p**2 - 7*p + 7. Give u(6).
37
Let z(r) = -r**3 + 8*r**2 - 9*r + 9. Calculate z(7).
-5
Let b(a) = -a**3 + 23*a**2 + 22*a + 44. Give b(24).
-4
Let t(b) = 35*b**3 - 4*b**2 - 3*b. What is t(-1)?
-36
Let m(n) = n**2 + 8*n + 1. Calculate m(-9).
10
Let k(g) = -g + 14. Give k(12).
2
Let v(q) = q + 25. Give v(-28).
-3
Let g(p) = p**2 - 27*p + 1. Calculate g(26).
-25
Let y(s) = -s**2 + 6*s + 10. Give y(7).
3
Let s(n) = -n**2 + 19*n - 81. Determine s(12).
3
Let w(k) = -k**3 + 12*k**2 - 4*k + 20. Determine w(12).
-28
Let k(n) = 34*n + 19. Calculate k(-6).
-185
Let d(g) = g**3 + 8*g**2 - 10*g + 1. Determine d(-9).
10
Let i(f) = -f**3 - 17*f**2 + 14*f - 34. What is i(-18)?
38
Let k(w) = w**3 + 9*w**2 + 12*w + 6. Calculate k(-8).
-26
Let a(m) = 21*m**3 + 11*m**2 + 9*m - 2. Calculate a(-1).
-21
Let p(m) = -11*m**2 - 7*m - 8. What is p(-2)?
-38
Let c(n) = n**2 - 11*n - 3. What is c(12)?
9
Let z(d) = d**3 - 14*d**2 + 18*d - 8. Give z(13).
57
Let i(q) = q**2 + 4*q - 16. Give i(-7).
5
Let m(n) = 3*n - 10. Give m(5).
5
Let l(q) = -2*q**3 - 39*q**2 + 18*q - 47. Give l(-20).
-7
Let x(h) = -8*h**3 - 2*h**2 + 1. Calculate x(-1).
7
Let n(s) = s**3 + 13*s**2 - 2*s - 8. What is n(-14)?
-176
Let u(z) = -z**3 + 4*z**2 - z. Give u(2).
6
Let u(l) = 12*l - 70. Give u(7).
14
Let w(j) = j**2 + 7. Calculate w(0).
7
Let c(d) = -d - 16. Determine c(-6).
-10
Let a(c) = -c**3 - 19*c**2 - c - 11. Calculate a(-19).
8
Let t(d) = d**2 - 9*d - 6. Determine t(8).
-14
Let a(o) = -o**3 + 13*o**2 - 3*o + 28. Calculate a(13).
-11
Let g(q) = 70*q + 835. Give g(-12).
-5
Let g(b) = -33*b - 1158. What is g(-35)?
-3
Let g(o) = -2*o**2 + 22*o - 14. Give g(9).
22
Let g(x) = -2*x + 29. Determine g(19).
-9
Let x(s) = s**3 - 10*s**2 - 7*s + 64. Calculate x(10).
-6
Let x(u) = u**3 - 7*u**2 + 3*u + 10. What is x(6)?
-8
Let w(q) = -q**3 + 6*q**2 - 5*q + 5. Give w(4).
17
Let n(b) = 4*b + 39. Determine n(-8).
7
Let r(c) = -c**3 + 5*c**2 + 5*c + 4. Calculate r(5).
29
Let u(v) = v**2 - 11*v - 14. Determine u(12).
-2
Let x(t) = 2*t**2 - 2*t - 14. Calculate x(7).
70
Let n(m) = -m**3 - 9*m**2 - 3*m + 11. Give n(-4).
-57
Let b(p) = -2*p**2 - 11*p + 20. Calculate b(-7).
-1
Let h(m) = m**2 + 29*m + 201. Determine h(-14).
-9
Let t(o) = -o**2 + 16*o - 11. What is t(11)?
44
Let t(o) = o - 16. Calculate t(-16).
-32
Let v(c) = -10*c - 245. Give v(-26).
15
Let j(s) = 18*s**3 - 72*s**2 + 2*s - 5. Calculate j(4).
3
Let d(n) = n**3 - 4*n**2 - 28*n + 30. What is d(7)?
-19
Let l(b) = b**3 + 15*b**2 - 2*b - 7. Calculate l(-15).
23
Let d(o) = o**2 + 10*o + 6. Calculate d(-7).
-15
Let q(w) = -4*w**3 - 2*w - 1. What is q(-1)?
5
Let h(f) = 2*f**3 + 13*f**2 + 5*f - 3. Give h(-6).
3
Let t(n) = -2*n**3 + 6*n**2 - 11*n + 10. What is t(2)?
-4
Let j(t) = 2*t**2 + 27*t - 19. Give j(-14).
-5
Let f(i) = -2*i**2 - 32*i - 123. What is f(-9)?
3
Let y(j) = j**2 + 5*j - 12. Calculate y(-6).
-6
Let b(h) = -22*h**3 + 11*h**2 - 8*h - 2. Give b(1).
-21
Let a(k) = -137*k**2 - 13*k + 12. Determine a(1).
-138
Let a(o) = -6*o + 38. Determine a(5).
8
Let h(g) = g**2 - 13*g + 4. Calculate h(9).
-32
Let l(u) = u - 9. Give l(0).
-9
Let l(b) = -b**2 - 12*b - 12. Give l(-9).
15
Let o(f) = 3*f + 2. Determine o(-8).
-22
Let m(u) = u**3 - 2*u**2 + 7*u - 6. What is m(4)?
54
Let i(k) = 11*k**3 + 2*k - 1. What is i(1)?
12
Let z(d) = d + 7. Give z(-4).
3
Let l(m) = m**3 + 8*m**2 + 4*m. Give l(-5).
55
Let h(s) = -s**3 + 2*s**2 + 4*s + 5. Give h(4).
-11
Let h(p) = -20*p + 303. What is h(15)?
3
Let w(k) = -k**2 + 3*k - 2. Determine w(5).
-12
Let a(h) = h**3 - 14*h**2 - h + 3. Determine a(14).
-11
Let s(r) = 3*r + 5. What is s(-7)?
-16
Let g(c) = -10*c + 2. Give g(1).
-8
Let z(p) = 6*p**2 - 14*p - 15. Give z(7).
181
Let i(r) = -2*r**3 + 10*r**2 + 16*r - 16. Give i(6).
8
Let j(y) = y**2 + 7*y - 8. What is j(-7)?
-8
Let d(t) = -t**3 + t**2 + t - 14. Determine d(0).
-14
Let r(c) = c + 41. Give r(-16).
25
Let g(l) = -3*l - 8. Give g(7).
-29
Let x(r) = r**3 - 9*r**2 - 9*r - 11. Give x(10).
-1
Let h(z) = -14*z**2 + 8*z + 4. Calculate h(-2).
-68
Let f(r) = -2*r**3 - r**2 + 3*r - 4. What is f(-3)?
32
Let u(h) = 17*h - 1. Determine u(-2).
-35
Let x(r) = 4*r + 24. Give x(-7).
-4
Let q(f) = -13*f**3 - 2*f + 2. Calculate q(1).
-13
Let w(p) = -p**2 - 19*p - 6. Give w(-19).
-6
Let d(h) = 5*h + 162. Determine d(-31).
7
Let n(w) = 3*w - 18. Calculate n(3).
-9
Let z(q) = 2*q - 6. Give z(17).
28
Let g(f) = -f**2 + 5*f + 39. Give g(10).
-11
Let x(f) = 5*f**2 - 15*f + 14. Calculate x(1).
4
Let a(y) = 15*y - 1. What is a(-1)?
-16
Let z(j) = j**2 + 20*j - 121. Determine z(-25).
4
Let a(z) = -25*z + 5. Give a(1).
-20
Let r(i) = i**3 + 6*i**2 + 9*i + 22. Calculate r(-5).
2
Let v(b) = -38*b - 449. What is v(-12)?
7
Let i(b) = -b - 13. What is i(-4)?
-9
Let c(a) = -a**3 - 8*a**2 + 26*a + 33. Determine c(-10).
-27
Let j(p) = p**2 - 11*p - 1. Calculate j(5).
-31
Let p(d) = 3*d. Calculate p(11).
33
Let j(s) = -3*s + 1. Give j(2).
-5
Let y(t) = -3*t**2 + 51*t + 119. What is y(19)?
5
Let a(x) = x**2 + 8*x + 3. Give a(-6).
-9
Let n(p) = 2*p - 35. Give n(19).
3
Let y(k) = 24*k - 121. Determine y(6).
23
Let s(u) = -u**2 - 8*u + 11. Calculate s(-9).
2
Let w(d) = 7*d**2 + 1. Determine w(1).
8
Let h(f) = -2*f + 17. Calculate h(7).
3
Let r(q) = 3*q**2 - 2*q - 22. Calculate r(3).
-1
Let r(h) = 29*h**2 + h. Calculate r(1).
30
Let k(w) = -w**3 - w**2 - 33. Determine k(0).
-33
Let k(q) = -114*q + 113. Give k(1).
-1
Let q(n) = -3*n + 46. Calculate q(5).
31
Let q(m) = 2*m - 20. What is q(-3)?
-26
Let s(g) = g**3 + 7*g**2 + g + 1. Determine s(-5).
46
Let t(o) = -2*o - 11. What is t(-12)?
13
Let d(w) = 3*w**2 + 27*w - 11. Determine d(-9).
-11
Let v(m) = -m**3 - 11*m**2 + m + 9. Calculate v(-11).
-2
Let j(r) = 8*r - 131. What is j(18)?
13
Let i(p) = p - 102. Give i(0).
-102
Let a(l) = -24*l - 114. What is a(-5)?
6
Let i(q) = -q**3 + 8*q**2 - 10*q + 17. Calculate i(7).
-4
Let m(v) = 3*v**2 + 5*v - 1. Give m(-3).
11
Let a(w) = 2*w**2 + 10*w + 1. What is a(-7)?
29
Let a(i) = 5*i**3 + 89*i**2 + 67*i - 18. Calculate a(-17).
-1
Let x(k) = -k**3 + 13*k**2 + 5*k - 7. Calculate x(13).
58
Let p(d) = 3*d + 3. What is p(-9)?
-24
Let x(w) = 36*w**3 - w**2 + 2. Give x(1).
37
Let t(w) = -w**2 - 12*w - 22. Determine t(-7).
13
Let s(w) = w**3 - 24*w**2 - w + 19. Calculate s(24).
-5
Let j(y) = -2*y**2 - 4*y - 4. Give j(-3).
-10
Let f(o) = -2*o**3 - 6*o**2 - 3*o + 1. Give f(-2).
-1
Let s(g) = g**3 + 6*g**2 + 5*g + 1. Calculate s(-2).
7
Let j(l) = -4*l - 4. Calculate j(-4).
12
Let p(q) = q**2 - 3*q - 11. Determine p(9).
43
Let k(s) = -s + 4. Determine k(12).
-8
Let i(q) = 10*q**3 - q**2 + q + 1. Calculate i(-1).
-11
Let x(u) = 4*u - 53. What is x(13)?
-1
Let s(j) = -22*j + 950. Give s(43).
4
Let g(s) = -3*s**2 + 4*s + 4. What is g(4)?
-28
Let s(l) = l**3 - 5*l**2 + 6*l + 5. Calculate s(4).
13
Let a(t) = 2*t**3 + 4*t**2 + 2*t. Calculate a(-2).
-4
Let g(r) = -r**3 + 5*r**2 + 11*r - 21. Determine g(6).
9
Let f(t) = t**3 + 14*t**2 + 8*t - 52. What is f(-13)?
13
Let r(o) = -4*o**2 + 7*o - 6. Calculate r(4).
-42
Let x(o) = o**2 - 4*o. Calculate x(-4).
32
Let b(r) = -r**3 - 3*r**2 + 19*r - 7. Give b(4).
-43
Let j(m) = -m**3 - 2*m**2 + 4*m + 3. Determine j(-3).
0
Let m(o) = o**3 + 16*o**2 + 18*o + 37. Calculate m(-15).
-8
Let m(x) = x**2 + 6*x + 3. Determine m(-2).
-5
Let u(d) = -3*d**2 + 321*d + 646. Give u(-2).
-8
Let s(h) = h**3 + 21*h**2 + 38*h + 6. What is s(-19)?
6
Let n(v) = -2*v**2 + 30*v + 35. What is n(16)?
3
Let b(x) = -x**3 + 11*x**2 + 2*x - 15. What is b(11)?
7
Let a(u) = 4*u + 10. Determine a(8).
42
Let c(b) = -123*b**3 + b**2 - 2*b + 2. Calculate c(1).
-122
Let c(d) = d**3 - 10*d**2 - 25*d + 3. Calculate c(12).
-9
Let v(z) = -2*z**2 - 13*z - 15. What is v(-6)?
-9
Let g(c) = -c - 12. What is g(-13)?
1
Let c(k) = -k**3 - 9*k**2 - k - 15. Calculate c(-9).
-6
Let l(p) = 4*p + 6. Give l(-4).
-10
Let x(t) = 2*t + 4. What is x(4)?
12
Let i(r) = -2*r. Determine i(-3).
6
Let n(o) = -3*o**3 - 33*o**2 + 2*o - 14. Determine n(-11).
-36
Let y(j) = j**3 - 51*j**2 - j + 65. What is y(51)?
14
Let i(u) = -2*u**2 + 4*u + 7. Give i(3).
1
Let v(c) = -8*c + 33. Determine v(5).
-7
Let u(y) = y**3 + 3*y + 2. Determine u(-1).
-2
Let v(m) = m**3 + 2*m**2 - 10*m + 2. What is v(3)?
17
Let g(i) = -i. Calculate g(1).
-1
Le